 8*v**3/3 - v**2 + v - 1. What is the units digit of r(s)?
7
Let n be 2/(-4) - 114/12. What is the tens digit of n/45 + 335/9?
3
Let w = 73 - 23. Suppose -2*y + 3*y - 4*r = 25, -5*y + w = -5*r. Suppose y = -4*i - 11, 0 = n + 5*i + 1. What is the units digit of n?
9
Suppose 0*u - u + 3*z = -17, 0 = -u + z + 7. Let f(x) = -5*x - u - 1 + 4*x. What is the units digit of f(-8)?
5
Let i(f) be the second derivative of 3/2*f**2 + 0 + 1/6*f**3 - 1/12*f**4 - 1/20*f**5 - 2*f. What is the units digit of i(0)?
3
Suppose -5*g + 43 = 4*r - 39, 105 = 5*r + 5*g. What is the tens digit of r?
2
Let a = -38 + 98. What is the units digit of 1992/a + (-2)/10?
3
Let t = -6 + -1. Let s(w) = w**3 + 8*w**2 + 2*w. What is the tens digit of s(t)?
3
Suppose 0 = 4*i - 5*j - 33, 0 = 2*i + 5*j + 2 - 11. Let n(m) = -4 - 3 + 1 + i*m - m**3 - 7*m**2. What is the units digit of n(-8)?
2
Suppose 16*q + 81 = 3617. What is the hundreds digit of q?
2
Let q be (-2 + 1 - 3)/(-2). Suppose -5 = -2*i + w, -i - 2*w - 4 - 6 = 0. Suppose i*n - 2 = -q*n. What is the units digit of n?
1
Let f(g) = -g**3 - 4*g**2 + 4*g + 6. Let j(b) = 2*b - 1. Let u be j(-2). Let s be f(u). Let w = s + -4. What is the units digit of w?
7
Let v(f) = -139*f - 5. What is the tens digit of v(-3)?
1
Let h(o) = o**2 - 8*o - 6. What is the units digit of h(10)?
4
Let j(m) be the third derivative of 1/12*m**4 - 1/3*m**3 + 2*m**2 + 0 + 0*m. What is the units digit of j(5)?
8
Let a be (-5 + 11)*(-4)/(-6). Suppose -a*t + 12 = -t. What is the units digit of t?
4
Suppose 0 = -5*j + 6*j - 4. Suppose -y = 4*x - 3, 0 = -x + j*y - 0*y + 22. Suppose 0 = 3*p - x*n - 26, 2*p - 7*p - 2*n = -54. What is the units digit of p?
0
Let l(x) = -94*x**2 + 2*x + 2. Let t be l(-2). What is the units digit of ((-2)/(-3))/((-12)/t)?
1
Let f(h) = 2*h - 3 + 2 - 8. What is the units digit of f(7)?
5
Let i(u) = -u**3 - 2*u**2 + 10*u - 4. Let s be i(4). Let m = -12 - s. What is the tens digit of m?
4
Suppose m - 14 = 5*k + 4*m, -5*k - 24 = -2*m. Let p(t) = -2*t + 2. What is the units digit of p(k)?
0
Let k = 12 + -27. What is the tens digit of (20/6)/(-5)*k?
1
Let v = 169 - 129. What is the tens digit of v?
4
Let c be (-158)/(-18) - 8/(-36). Let w = 11 - c. What is the tens digit of (w - -13)/((-18)/(-12))?
1
Suppose -u - 5 = -3*j + 3, -4*j - 5*u = 2. Suppose 0 = -j*c + 10. What is the units digit of c?
5
Suppose -5*v = 3*m - 26, -9*m + 7*m = -3*v + 27. What is the units digit of v?
7
Let g(r) be the second derivative of 4*r**3/3 - r**2 - r. What is the units digit of g(3)?
2
Let k be 110/25 + (-4)/10. Suppose 5*c - 8 = -4*l, c + k*l - 5 = -13. What is the units digit of c?
4
Suppose 0 = -l + 21 - 8. Let a = 25 - l. What is the units digit of 21/12 + 3/a?
2
Let b = 228 + -151. What is the units digit of b?
7
Suppose 0 = w + 4*o - 11, 5*w = -0*w - 2*o + 1. What is the tens digit of w - (6/(-3) + -38)?
3
Let y be (-176)/18 + 6/(-27). Let m = 6 - y. What is the units digit of m?
6
Let h(n) = 5*n - 4. Let m be (-46)/(-14) + (-14)/49. What is the units digit of h(m)?
1
Let n = -724 - -1129. What is the hundreds digit of n?
4
Suppose 5*r = 5*a - 5, -4*a + r = -4*r - 7. Let i(k) = -17*k + 1. What is the tens digit of i(a)?
3
Let f be (-2)/2*-3*-1. Let k(s) = 3*s**3 - 8*s**2 + 3*s + 5. Let d(w) = 2*w**3 - 4*w**2 + 2*w + 3. Let a(q) = f*k(q) + 5*d(q). What is the units digit of a(-3)?
6
Let k(t) = -t - 6. Let z be k(-8). Suppose 4*u + 4*w - w - 79 = 0, -5*u + 90 = z*w. What is the units digit of u?
6
Suppose -4*u + 778 = 278. What is the units digit of u?
5
Suppose 5*f - 16 = -2*u, f + 16 = 3*f + 4*u. Let z(l) = 3*l**2 - 2*l + 1. What is the units digit of z(f)?
9
Let a be 5/(5/46) - -1. Let g = a - 32. What is the units digit of g?
5
Let p(b) = 6*b**3 - b**2 - b + 3. What is the tens digit of p(2)?
4
Suppose 0 = k + s - 142, -3*s + 5*s - 564 = -4*k. What is the tens digit of k?
4
Let k(l) = -l**2 + 14*l + 2. What is the units digit of k(10)?
2
Let w(u) be the third derivative of -u**6/120 + u**5/15 + u**4/24 - 3*u**2. Let g = 1 + 3. What is the units digit of w(g)?
4
Let g(o) = o**3 + 5*o**2 + o - 5. Let z be g(-4). Suppose 3*y - z = -3*m + 5, 2*m - 4*y - 26 = 0. Suppose 0 - m = -x. What is the units digit of x?
7
Let p be (-38)/57 + (-2)/(-3). Suppose p = s, 6 = 3*l + s - 2*s. What is the units digit of l?
2
Let v(q) = 3*q + 5. What is the tens digit of v(5)?
2
Suppose -5*g = -2*f - 35, 0 = 5*f - 5*g - 9 + 59. Let x(p) = -8*p + 7. What is the tens digit of x(f)?
4
Let j = -6 - -13. Let q(d) = d + 9. Let p be q(j). Suppose p = 5*y - 29. What is the units digit of y?
9
Let l(i) = 11 - 19 + 5*i + i. What is the units digit of l(5)?
2
Suppose 3*n - 50 = -l + 5*n, 4*l - 2*n - 224 = 0. What is the units digit of l?
8
Let z be ((-10)/(-15))/(2/3). Let d be (62 - 2) + (-1 - z). What is the units digit of d/6 - (-2)/(-3)?
9
Let t(g) = g**3 - g**2 + 1. Let v be t(-2). Let n = -8 - v. Let p = 4 - n. What is the units digit of p?
1
What is the tens digit of ((-5)/15)/((-2)/1284)?
1
Suppose -y + 5*f + 2 = 3*f, 3*f = 3*y - 3. Let b(m) = 5 - m**3 + 7*m**2 - 8*m + y*m**3 + 3*m. What is the units digit of b(6)?
1
Suppose -11*q + 7*q = -320. What is the units digit of q?
0
Suppose -5*g + 20 = -10. Let c = g - 9. What is the units digit of 7*1/c*-3?
7
Let v(l) = -l**3 - 4*l**2 - 2*l - 6. Let k be v(-4). What is the units digit of (k/(-3))/((-2)/33)?
1
Let c(j) = j**3 + 9*j**2 - j - 4. What is the units digit of c(-7)?
1
Let k(w) = -w**3 + 6*w**2 + w - 3. Let v be k(6). Suppose 2*m - v = 3. Suppose -18 = -m*g - 0. What is the units digit of g?
6
Let m(h) = 6*h - 4. Suppose -5*j + 3*l + 27 = 5*l, -5*l + 10 = j. What is the tens digit of m(j)?
2
Let c(x) = 7*x**2 + x**3 + 0*x + 0*x - 2*x - 6. Let y(p) = 4*p + 1. Let t be y(-2). What is the units digit of c(t)?
8
Let j be (0 + 6/(-4))*-2. Let i(o) = -3*o + o - 2 - 5*o**2 + 7*o**2 - o**2. What is the units digit of i(j)?
1
Let o be 3 - 2 - 1/(-1). Suppose 6 - 16 = -o*h. What is the units digit of h?
5
Suppose -3*j + u - 3*u - 6 = 0, -4*j - 5*u - 15 = 0. Suppose -5*b - 50 = -j*b. What is the units digit of ((-8)/b)/((-2)/(-10))?
4
Let t be (-2 - 0)/((-1)/14). Suppose -2*v - t = -4*v. What is the units digit of v?
4
Suppose -2*n + 6*n + 92 = 0. Let c = 16 - n. What is the units digit of c?
9
Let o = -3 - -7. Suppose -7 = 5*t + b - 40, -o*t + 2*b + 18 = 0. What is the units digit of -1 - 4/((-8)/t)?
2
What is the units digit of 4/4 - 1 - -31?
1
Let t(c) = -c**3 + 3*c**2 - 2*c. Let w be t(2). Suppose -3*z - z + 52 = w. What is the units digit of z?
3
Let m be (-1)/((1 + 0)*1). Let y be ((-2)/2)/(m + 0). Suppose 0 = s + l - y - 0, l = s - 9. What is the units digit of s?
5
Suppose -2*n = -n - 4. Let m = 13 - n. What is the units digit of m?
9
Let o(n) = 6*n + 7. What is the units digit of o(10)?
7
Suppose 10*z - 724 - 286 = 0. What is the tens digit of z?
0
Let z(y) = y**3 + 8*y**2 - 3*y + 4. What is the tens digit of z(-8)?
2
Let g = 57 - 34. Suppose -5*r + g = -37. What is the tens digit of r?
1
Suppose x = 5, -f + 2*x = 3 - 1. What is the units digit of f?
8
Let y = 148 + -97. What is the tens digit of y?
5
Let h be 8/1 - 4/4. Let x(p) = p - 1. What is the units digit of x(h)?
6
Let m(n) = 3*n + 1. Let w be (-3 - 1)*2/(-4). Let u be 3/w - 3/(-6). What is the units digit of m(u)?
7
Let v = 19 - 7. Let t = -4 + v. What is the units digit of t?
8
Let l(w) = -w - 6. Let n be l(-7). Suppose -3*b - 8 - n = 0, o - 5 = -4*b. What is the units digit of o?
7
Let p = -5 + 3. Let x = p - -6. Suppose -5 = x*n - 9*n. What is the units digit of n?
1
Let t = 1 + -1. Let a(f) = -11*f + 1. Let b be a(-1). Suppose h = -t*h + b. What is the units digit of h?
2
Suppose 0 = 6*h + 5 - 275. What is the tens digit of h?
4
Let d = -3 + 5. What is the units digit of (-2 + 8)*9/d?
7
Let n = 106 - 64. What is the tens digit of n?
4
Let l = 14 + 42. What is the tens digit of l?
5
Let h(a) = -a + 9. Let z be h(7). Let r be (-2)/(0 + z + -1). What is the units digit of r/(-2)*(-4)/(-4)?
1
Suppose 5*z - 26 = -4*m - 3, -3*z = 4*m - 17. Suppose -26 = -4*r + 2*x, 2*r + m*x + 2*x = 18. What is the units digit of r?
7
Let w = 6 - 4. Suppose 0 = w*v - 3*v. Suppose v = a - 15 + 1. What is the tens digit of a?
1
Let n be ((-9)/1)/((-3)/(-2)). Let x be (2 - -1)/(n/4